s the remainder when 52 is divided by s?
7
Let b be (-4 - -1)/(27/(-18)). Suppose -b*c = -c - 37. Calculate the remainder when c is divided by 10.
7
Suppose -5 + 13 = 4*m. Let g = m + -2. What is the remainder when -1*(2 + -30) - g is divided by 10?
8
Let f(j) = -j**2 - 7*j - 1. Let s = 16 + -12. What is the remainder when f(-5) is divided by s?
1
Let c = -37 - -43. Calculate the remainder when c is divided by 3.
0
Let p = -6 + 44. Calculate the remainder when p is divided by 13.
12
Let n be 6/21 - (-51)/(-7). Let x = 4 - n. What is the remainder when 31 is divided by x?
9
Suppose -3*w + 17 + 54 = -2*p, -5*w - p = -101. Suppose -3*f + 0*f = -21. What is the remainder when (w - 1) + -2 + 1 is divided by f?
5
Calculate the remainder when 7 + 24/(-3) + 158/2 is divided by 27.
24
Suppose -3*a + 3*h = 10 - 190, -5 = -h. Calculate the remainder when a is divided by 11.
10
Suppose u + 5*i = -3*u + 92, 0 = -5*u + i + 144. Calculate the remainder when u is divided by 14 + 1 - 0/2.
13
Let q be 13 - 17 - -1*2. Let x(z) = 4*z**2 + 1. Calculate the remainder when 65 is divided by x(q).
14
Let n = 162 + -84. Calculate the remainder when n is divided by 23.
9
Let k(q) = 3*q**2 + 13*q + 21. Calculate the remainder when 2 + 21 - (-2 + 0) is divided by k(-2).
4
Let f = -20 - -30. Calculate the remainder when f is divided by 7.
3
Let j = -31 - -33. Suppose -5*s + 0*s - 35 = l, -5*s + l = 35. Let m = 11 + s. Calculate the remainder when m is divided by j.
0
Suppose 2*t - 1 = t. What is the remainder when 21 is divided by (4/6)/(t/12)?
5
Suppose -6*k + 2 = -22. Let i = -12 + 19. Calculate the remainder when i is divided by k.
3
Suppose 0 = o - 4 - 2. Calculate the remainder when 42*((-5)/2 + 3) is divided by o.
3
Suppose 3*u = -2*u + 5*o, -2*u = 5*o. Suppose u = -4*s - 2*v + 50, 4 = 2*s + 5*v - 1. Let j = -73 - -102. Calculate the remainder when j is divided by s.
14
Calculate the remainder when 10/(-4)*456/(-30) is divided by 15.
8
Suppose j - 29 = n + 3*n, -3*j - 4*n = -119. What is the remainder when j is divided by 13?
11
Let h(f) = -f - 5. Suppose i - l - 22 + 9 = 0, 3*l = -6. Calculate the remainder when i is divided by h(-11).
5
Suppose 5*y = 4*m - 7, 5 + 3 = -4*y + 4*m. Calculate the remainder when 37*y - (-8 - -6) is divided by 14.
11
Suppose z + 0*z - 42 = 3*q, 4*q + 20 = 0. What is the remainder when z is divided by 8?
3
Suppose 12 = 2*b + 2, -p = -b - 14. What is the remainder when 55 is divided by p?
17
Suppose -2*x + 80 = 4*u, -4*x = -u - 2*u - 127. What is the remainder when x is divided by 12?
10
Suppose t = -3*t + 60. Suppose 4*m - 13 = t. What is the remainder when 12 is divided by m?
5
Suppose 7*z = 2*z + 10. Let v be (4/(-6))/(2/(-6)). Calculate the remainder when (v/(-4))/(1/(-8)) is divided by z.
0
Let z = -6 - -74. What is the remainder when z is divided by 12?
8
Let u(m) = m**2 + 2*m + 1. What is the remainder when u(-6) is divided by 13?
12
Let v(u) = -u**3 - 2*u**2 - 2*u - 4. Let k be v(-3). Calculate the remainder when k/((0 - 2)/(-4)) is divided by 12.
10
Let d = -17 + 75. Calculate the remainder when d is divided by 2 + (14 - 2/2).
13
Let o(h) = 17*h - 21. Calculate the remainder when 63 is divided by o(2).
11
Let p(x) = 4*x + 48. Suppose -y + 10 = y. Calculate the remainder when p(-10) is divided by y.
3
Let g = -11 - -38. What is the remainder when 78 is divided by g?
24
Let n(h) = 14*h + 7. Calculate the remainder when n(9) is divided by 15.
13
Suppose -2 = -2*p + 16. Calculate the remainder when 17 is divided by p.
8
Let b = -5 - -23. Suppose -191*d = -196*d + 165. Calculate the remainder when d is divided by b.
15
Suppose 690 = 7*j - 1207. What is the remainder when j is divided by 34?
33
Suppose -b = -3*a + 62, -6*a + a + 4*b + 101 = 0. What is the remainder when 33 is divided by 8/(-14) + 201/a?
6
Let g(f) = f**3 - 5*f**2 - 7*f - 5. Let y be (-122)/(-18) + (-2)/(-9). What is the remainder when g(y) is divided by 23?
21
Let w(z) = 2*z - 8. Let m be w(4). Suppose -t = 5*v - 0*t - 145, m = 3*v + 5*t - 109. What is the remainder when 82 is divided by v?
26
Suppose 0 = 4*z + q - 541, 0 = 4*z + 6*q - 3*q - 543. Let i = z - 76. Calculate the remainder when i is divided by -5*(-12)/(-1 - -4).
19
Let r(f) = -f**2 - 10*f - 4. What is the remainder when 82 is divided by r(-8)?
10
Suppose -p + 5*p - 48 = 0. Suppose 5*b - 4*v - 2 = 2*b, b = 2*v. Suppose -170 = -3*a - b*a. What is the remainder when a is divided by p?
10
Suppose 5*a + 118 = 5*w - 87, -11 = -w - 5*a. What is the remainder when 106 is divided by w?
34
Suppose 6*f = 4*f + 6. Calculate the remainder when 25 is divided by 10/5 - -4*f.
11
Suppose -j + 39 = m, 5*j = 42*m - 37*m + 155. Calculate the remainder when 305/3 - (-1)/3 is divided by j.
32
Let y(f) = -f**3 - 4*f**2 - 3*f + 2. Calculate the remainder when 40 is divided by y(-4).
12
Suppose 6*q = 22 + 14. Calculate the remainder when 38 is divided by q.
2
Let k(r) = -r**2 - 10*r + 16. What is the remainder when k(-7) is divided by 8?
5
Suppose -4*r + 211 = 5*l, 3*l = 4*r + 40 + 93. Let x(q) = 0*q - 4 - 1 - 2*q + 6*q. Calculate the remainder when l is divided by x(5).
13
Suppose 2*n = -n + 21. Let o = 83 - 43. Suppose -o = -3*c + c. Calculate the remainder when c is divided by n.
6
Suppose -5*x + z + 26 = 1, 4*z = -5*x. What is the remainder when x is divided by 3?
1
What is the remainder when 18 is divided by (-8)/(-1) - -1 - -1?
8
Suppose -4*p + 9*p = 155. Let q = p + -14. What is the remainder when 66 is divided by q?
15
Suppose r + 4*r - 15 = 0. Suppose 2*f + 4*v - 50 = 0, 4*f - r*f + 5*v - 40 = 0. Calculate the remainder when 42 is divided by f.
12
Let o = 7 - 5. Let h(x) = 6*x - 3. What is the remainder when 26 is divided by h(o)?
8
Suppose -100 = -8*j - 2*j. Calculate the remainder when j is divided by 4.
2
Let h = 28 + -2. What is the remainder when h is divided by 9?
8
Suppose 330 = -0*y + 6*y. Calculate the remainder when y is divided by 14.
13
Suppose -2*d - 12 = -q - q, 2*d = -4*q. Calculate the remainder when 6 is divided by q.
0
Suppose -4*p = -9*p + 90. What is the remainder when 71 is divided by p?
17
Suppose 2*t - t = 0. Suppose 5*a - 54 = 4*a - 2*m, -5*m - 25 = t. Calculate the remainder when a is divided by 13.
12
Let h = 770 + -516. What is the remainder when h is divided by 16?
14
Suppose -5*y - 7*z + 4*z + 46 = 0, 30 = 5*y - 5*z. Calculate the remainder when ((-68)/8)/((-4)/y) is divided by 6.
5
Let v = 9 - -3. Suppose 0 = -2*n - 0*n - 3*s + v, -5*s - 2 = -4*n. What is the remainder when n is divided by 2?
1
Let l be 102/5 + (-26)/65. Suppose 0 = 5*o - 5*y - 45, -5*o - y = -l - 25. Let k(w) = w**2 + 3*w + 1. Calculate the remainder when o is divided by k(-4).
4
Suppose 0*s + s - 83 = 0. Calculate the remainder when s is divided by 17.
15
Let v(x) = -x - 10. Let n be v(-6). Let r = n + 5. What is the remainder when 38 is divided by -2 - (-2 + -13*r)?
12
Let l(t) = t**3 + 8*t**2 - 17*t + 4. Calculate the remainder when l(-9) is divided by 13.
11
Let z be (9/4)/((-1)/(-16)). Suppose 0 = 5*m, 4*d - 5*m = -z + 176. What is the remainder when 14 is divided by 185/d + (-4)/14?
4
Suppose 3*n = 6*n - 12. What is the remainder when n/18 - (-530)/45 is divided by 7?
5
Let r(k) = k**2 + 7*k + 11. Calculate the remainder when r(-7) is divided by 6.
5
Let c(b) = -2*b - 1. Let j(h) = 3*h**2 - 5*h + 5. What is the remainder when j(4) is divided by c(-5)?
6
Let v(j) be the third derivative of -j**6/120 - 7*j**5/30 - 13*j**4/24 + j**3/2 + 2*j**2. What is the remainder when 5 is divided by v(-13)?
2
Suppose -v = -2*v + 12. What is the remainder when 2*(-69)/(-6)*1 is divided by v?
11
Suppose -5 = 4*u - 9*u, -4*u + 82 = 3*j. What is the remainder when 77 is divided by j?
25
Let k(l) be the second derivative of l**3/2 - l**2/2 + 3*l. Suppose 4*z - 3 = 17. What is the remainder when k(z) is divided by 5?
4
Let x = -13 + 18. Let l = -2 - x. Let t = l - -22. Calculate the remainder when t is divided by 9.
6
Let p = -48 - -70. Calculate the remainder when 42 is divided by p.
20
Let l(u) = u**3 - 14*u**2 + 14*u - 3. Calculate the remainder when 36 is divided by l(13).
6
Suppose 5*l + 27 = 197. Let f(g) be the first derivative of 5*g**2/2 - 3*g - 1. Calculate the remainder when l is divided by f(3).
10
Suppose -3*r + 19 = -41. 